(-9) is divided by 13?
11
Suppose 10 = -5*q - 5*f, 3*q = 8*f - 9*f - 2. Suppose 4*r + 4899 = 5*m, -m - 4*r + 999 = -q*r. What is the remainder when m is divided by 34?
31
Suppose 56*g = 9288 + 11432. Calculate the remainder when g is divided by (-4)/6*(-141)/1.
88
Let j(a) = a**3 + 8*a**2 + 15*a + 11. Let y(m) = -m**3 - 5*m**2 + m + 12. Let p be y(-5). Let x = 0 + p. What is the remainder when j(-5) is divided by x?
4
Suppose 177*v + 308*v - 241172 = 154103. What is the remainder when v is divided by 257?
44
Let b = 25456 - 23109. What is the remainder when b is divided by 9?
7
Let q(b) = -103*b + 3479. Calculate the remainder when 6478 is divided by q(33).
78
Suppose 2*v = 4*v + 5*a - 2, -4*a + 20 = -3*v. Calculate the remainder when 13039/177 - v/(-6) is divided by 38.
35
Suppose 30 = 2*z - 26. Let w be (1/(6/(-6)))/((-2)/28). What is the remainder when (1944/w - 2) + 22/154 is divided by z?
25
Suppose 929 = 14*f - 1143. Suppose -5*s + u = f - 467, -4*u - 79 = -s. Calculate the remainder when 377 is divided by s.
62
Let x(k) = -3*k**2 + 136*k + 3. What is the remainder when 370 is divided by x(45)?
34
Let z = 10 + -8. Suppose 0 = 3*k - z*k - 3. Suppose 3*r = -k*q + 177, -5*q - r = 3*r - 294. Calculate the remainder when q is divided by 20.
18
Let d(m) = 92*m + 14. Let l(u) = 1. Let y(f) = -2*d(f) + 28*l(f). Let r be y(-1). Let z = r + -120. What is the remainder when z is divided by 11?
9
Suppose 0 = -5*v - 4 - 6. Let q be 4/(-16)*v + (-10)/(-4). Suppose -3*c + 34 = 2*h, q*h + 2*c = -0*c + 61. Calculate the remainder when 88 is divided by h.
19
Suppose -4*t + 12038 = -t - 1609. Calculate the remainder when t is divided by 8.
5
Let r(k) = k**3 + 24*k**2 + 12*k + 204. Calculate the remainder when r(-22) is divided by 227.
0
Let v(n) = -8*n**3 - 4*n**2 - 2*n + 2. Let q be (7/28*4)/(-1). Let y(b) = b**3 + b**2 - 3*b - 4. Calculate the remainder when y(3) is divided by v(q).
7
Let p = 127 + -7. Suppose s + 7*s + p = 0. Calculate the remainder when 0 - (-393)/15 - 12/s is divided by 6.
3
Suppose 9*a - 986 = 1846 + 75. What is the remainder when a is divided by 83?
74
Suppose 0 = 82*b - 68*b - 2075 - 1733. Calculate the remainder when b is divided by 60.
32
Let p = 737 + -733. Suppose 0 = t - 5*z + 13 - 72, 5*z = -p*t + 186. Calculate the remainder when 193 is divided by t.
46
Suppose 185*h - 154 = 183*h. Suppose h + 73 = y. What is the remainder when y is divided by 12?
6
Let p = 190 + -193. What is the remainder when (-204)/(-17)*(-65)/p + 3 is divided by 15?
8
Suppose -3*w + 22*w - 12*w - 196 = 0. Calculate the remainder when 474 is divided by w.
26
Let y be 108/(4/(-2364)*-2). What is the remainder when (-4)/(-10) + (11 - y/(-90)) is divided by 92?
90
Suppose -28*v + 32*v - 5*g = 11074, 13886 = 5*v + g. What is the remainder when v is divided by 555?
1
Let b = -2252 + 2270. Suppose -1335 = -8*r + 3*r. What is the remainder when r is divided by b?
15
Suppose 3*u - 23 = 4*u. Let z be ((-2)/(-4))/(u/598). Let r = z - -19. Calculate the remainder when 11 is divided by r.
5
Let o(a) = -a**3 - 7*a**2 - 13*a. Let f be o(-3). Calculate the remainder when (-8 + f)*(-76 - -2) is divided by 93.
91
Calculate the remainder when 8/7 + 60835/161 + 2 is divided by 119.
24
Let c be 5/135*6 - (-804)/27. Suppose u = 13*a - 10*a - 8, -a - c = -5*u. What is the remainder when 12 is divided by u?
5
Let p = 680 - 425. Let t = p - 207. Calculate the remainder when 286 is divided by t.
46
Let b be -4 - ((-511)/(-6) + (-9)/54). Let i = b + 106. Let f(t) = 3*t**3 + 2*t - 1. What is the remainder when i is divided by f(1)?
1
Let o = -3669 + 3943. Calculate the remainder when o is divided by 87.
13
Calculate the remainder when 5428/40 - -11 - ((-172)/40 + 4) is divided by -2*1*5*-1.
7
Let p = 15290 - 14778. What is the remainder when p is divided by 163?
23
Let v = 3374 - 3347. Suppose 3*p = 5*n + 374, 5*n - 364 = -4*p + p. Calculate the remainder when p is divided by v.
15
Let w(p) = p**2 - 4. Suppose -87*x = -79*x - 1032. Suppose -10*s + 3*j = -13*s + x, 4*s - 3*j - 200 = 0. What is the remainder when s is divided by w(4)?
11
Suppose 4*x + 6*g = g - 41, -2*x + 2*g - 16 = 0. Let c(n) = -n**2 - 33*n - 49. Let l = -19 - -61. Calculate the remainder when c(x) is divided by l.
41
Let f = -3708 + 3776. What is the remainder when 649 is divided by f?
37
Suppose 0 = -5*d + 22*d + 1598. Let v = d + 171. Suppose 5*u + 13 - 93 = 0. Calculate the remainder when v is divided by u.
13
Suppose -1576*i - 340 = -1596*i. Calculate the remainder when 284 is divided by i.
12
Let z = -866 - -1213. Suppose -3*a = -5*y - 379, -4*y + z = 5*a - 260. Calculate the remainder when a is divided by 14.
11
Let z = -11527 + 12174. What is the remainder when z is divided by 59?
57
Let f be -1 - 2 - (3 - 7). Calculate the remainder when (0/(-4) - -11) + f is divided by (40/(-24))/((-3)/9).
2
Let h(m) = -7*m**3 + 2*m**2 + 29*m - 78. Let r be h(3). Calculate the remainder when (-36)/r + 367/9 is divided by 16.
9
Let z(k) = 464*k + 18. Let r be z(2). Let j = -840 + r. Calculate the remainder when j is divided by 19.
11
Let m = -34328 - -34339. Calculate the remainder when 1261 is divided by m.
7
Let h(k) be the first derivative of -k**2 - 22*k + 1. Let b be h(-6). What is the remainder when b/20 + 718/4 is divided by 45?
44
Let v = 190 - 75. Suppose -1831 + v = -12*f. Suppose 4*i - 32 = 32. Calculate the remainder when f is divided by i.
15
Suppose -8*o = -2*o + 3594. Let s = o + 80. Calculate the remainder when s/(-12) - (15/12 - 1) is divided by 4.
3
Suppose -26*j = -24*j + 18, -462 = -3*a - j. What is the remainder when 519 is divided by a?
48
Let y be 0/(-8)*(-6)/(-12). Suppose 8*o + 84 - 172 = y. Calculate the remainder when 15 is divided by o.
4
Suppose 3*y + 3*u - 1143 = 0, -5*y + 2924 - 1043 = -3*u. What is the remainder when y is divided by 82?
50
Let t = -3642 + 3691. Calculate the remainder when t is divided by 19.
11
Suppose 224*b - 65261 = 68243. What is the remainder when b is divided by 100?
96
Let o = -3139 - -3538. Calculate the remainder when o is divided by 12.
3
Suppose 0 = -9*u + 299 + 232. Suppose y = d + 16, 4*y - 3*d - u = 7. Calculate the remainder when 98 is divided by y.
8
Suppose -73 = -5*x + m, 49*x - 48*x - 23 = 3*m. Calculate the remainder when 367 is divided by x.
3
Suppose u - 2 = 3. Suppose 0 = -7*s + 120 - 106. What is the remainder when 2*s - (-1 + -8 + 3) is divided by u?
0
Let l = 3004 + -3090. Let k be 6/(-21) - 2202/(-14). Let o = k + l. What is the remainder when o is divided by 18?
17
Suppose -13*k - 43839 = -16*k - 5*u, 4*u = -k + 14613. Calculate the remainder when k is divided by 84.
81
Suppose 3*s = 3*a + 51, -1 - 2 = a. Suppose -s - 3 = -l. Suppose -w - 36 = 38*x - 30*x, 4*w - 128 = 2*x. Calculate the remainder when w is divided by l.
11
Let t = -53 - -58. Suppose 8*i = -3*d + 6*i + 50, -4*i = t*d - 82. Calculate the remainder when 32 is divided by d.
14
Let l(n) = -469*n + 1916. Suppose -5*m + 2*k + 962 = -m, -3*m + 4*k + 729 = 0. Calculate the remainder when m is divided by l(4).
39
Let a(n) = -n + 1. Let k(s) = 4*s - 12. Let w(c) = 5*a(c) + k(c). Let j be w(-8). Let q = 8 - j. Calculate the remainder when 23 is divided by q.
2
Let u(p) = 181*p + 2509. What is the remainder when u(48) is divided by 64?
61
Suppose 56 = z + 24*b - 19*b, -2*z = 4*b - 58. Calculate the remainder when 567 is divided by z.
6
Let s = 920 + 365. What is the remainder when s is divided by 117?
115
Suppose x - 3*x = -10. Suppose -23 = 3*s - 29. Calculate the remainder when 14 - (-9 + (s - -5)) is divided by x.
1
Let s = 529 + 531. Suppose -s = -12*r + 2348. Calculate the remainder when r is divided by 41.
38
Suppose -1827 = -3*v + 2*s, -4*v - 2*s = -3*s - 2436. What is the remainder when v is divided by 153?
150
Suppose 110 = 5*m - 4*o - 99, -5 = 5*o. Calculate the remainder when 364 is divided by m.
36
Let d(s) = 13*s**3 + 2*s**2 - 2*s + 7. Let h(n) = -n**3 - n**2 - n - 2. Let p(w) = -d(w) - 6*h(w). Calculate the remainder when p(-2) is divided by 22.
17
Suppose -5*q + 70 = -5*x, 106 = 5*q - 2*x + 24. Calculate the remainder when ((-34)/(-8))/(2/16) is divided by q.
16
Suppose 0 = -5*x + 20. What is the remainder when 45/12*2512/785 is divided by x?
0
Let w = -189 + 189. Suppose 